r = 3*i - 208, 6*r - 260 = r - 4*i. What is the tens digit of r?
5
Suppose 2*r - 28 = -h + 4*h, -h = -3*r + 14. Suppose 0 = 4*f - 22 + 62. Let n = h - f. What is the units digit of n?
2
Suppose -5*f + 3 = -7. Let j be (1 - 0 - 0)*-1. Let u = j + f. What is the units digit of u?
1
What is the tens digit of 26 + 8*2/(-4)?
2
Suppose 342 = 5*z - 2*z. What is the hundreds digit of z?
1
Let y be (-4)/8*(-2 - -2). Let i = y + 2. What is the units digit of i?
2
Suppose -4*p = -3*l + 190, -4*l = 4*p + 37 - 281. What is the tens digit of l?
6
Let s = 20 - 4. Suppose 4*y + 8 = 2*y - 4*m, -3*y = -m - s. Suppose 0 = 5*u - y*b - 38, 30 = 3*u + u - 3*b. What is the units digit of u?
6
Let f be (-3)/((-3)/10) + 2. Suppose 4*n - 5*d = 3 + f, 0 = -5*n - 2*d + 60. What is the tens digit of n?
1
Suppose 0*k = r + 2*k - 129, -5*k = 5. What is the hundreds digit of r?
1
Let c = 167 + -117. Suppose 4*y - 2*b - c = 0, -3*y + y - 2*b + 40 = 0. What is the units digit of y?
5
Suppose -5 = -h - m, -3*h + 5*m - 6 = m. Let o(r) = r**3 - r + 2. What is the units digit of o(h)?
8
Suppose 0*x = 2*x + 16. Let m be (-2)/11 + 159/(-33). What is the units digit of (m/2)/(4/x)?
5
Let x = -1 + 11. Let f = x - 0. What is the units digit of f?
0
Suppose -3*t - 101 = 91. What is the units digit of 2/9 - t/36?
2
Let k be (0 + 1)*(-12 - -11). Let x be (-1)/(((-3)/4)/3). Let b = x - k. What is the units digit of b?
5
Let g(x) = -x**3 + 4*x**2 + 7*x - 6. Suppose r + 4*a - 8 = 4*r, 5*a = 25. What is the tens digit of g(r)?
2
Suppose 2*j = -b + 44, 2*j - 30 = -2*b + 10. What is the units digit of j?
4
Let s be (-2 - -1)/(2/(-6)). Suppose 20 + 19 = s*h. What is the units digit of h?
3
Let q(o) = o**3 - o**2 + 1. Let x(u) = 7*u**3 - 4*u**2 + 3. Let c(p) = -5*q(p) + x(p). What is the tens digit of c(2)?
1
Let a(g) = 2*g**3 - g**2 + g. Let d be a(1). Suppose 5*t = -10, -8 = -0*u - 3*u + 4*t. What is the units digit of 5/(d + -1 + u)?
5
Let y be ((-6)/(-18))/(1/3). Suppose -p = y + 5. What is the units digit of (-36)/(-6)*(-2)/p?
2
Let n = -6 + 12. Suppose -18 + n = -3*w, -3*m + 5*w = -13. What is the tens digit of m?
1
Let s(x) = x**3 + 7*x**2 + 8*x + 5. Let y be s(-5). Let h = 2 + y. Suppose 0 = -4*l + h + 7. What is the units digit of l?
6
Let r(g) be the first derivative of g**3/3 + 7*g**2/2 + 9*g - 3. What is the units digit of r(-6)?
3
Suppose 4*i - 104 = -2*n, 4*n - i - 3*i - 160 = 0. Suppose 4*q = -4*c + n, -q + c + 15 = -2*c. What is the units digit of 50/8 + (-3)/q?
6
Let h = -141 - -212. What is the tens digit of h?
7
Let p be -1*(-1 + -1)*2. Suppose -37 = -p*k + 31. What is the units digit of k?
7
Let y(w) = -3*w**3 + 3*w**3 - w**3. Let i = 11 + -12. What is the units digit of y(i)?
1
What is the hundreds digit of 40/(-4*(-5)/70)?
1
Let u be (-5 - -33) + -1 + 0. Suppose -5*p = -4*d - u, -3*p - d = -0*d - 6. Suppose -4 = -a + p. What is the units digit of a?
7
Let i(c) = -c**3 - 5*c**2 - 3*c + 6. What is the units digit of i(-5)?
1
Let z be 6800/144 + 2/(-9). Let g = z + -12. What is the tens digit of g?
3
Let q be 2 + (1 - 0) + 12. Let w = 7 + q. What is the units digit of w/3 - 2/6?
7
Suppose 3*i + 0*d - 164 = d, 3*d - 292 = -5*i. Suppose 0 = -4*l + 2*l + i. What is the units digit of l?
8
Let k(f) = 11*f - 1. Let g be k(-1). Let t be g/(-8)*(4 - 2). What is the units digit of 3 + -1 + t + 2?
7
What is the units digit of (3/4)/(6 + 13265/(-2212))?
7
Let x(d) = 1. Let m(p) = p**2 - 6*p - 11. Let r(y) = -m(y) - 6*x(y). What is the units digit of r(5)?
0
Let u(o) = -5*o**3 - 4*o**2 + 14. What is the tens digit of u(-4)?
7
Suppose 28 = 5*a + 3*c, -2*c - 32 = -5*a - 4*c. Suppose a = -v - 2*q, -2*v - 4 = 2*q + 2. What is the units digit of v?
2
Let y = 0 + -6. Let r = y - -7. What is the units digit of r?
1
Let d = 8 - 3. Let n be (2 - 2) + -1 + 22. Suppose 4*v + o = n, d*v - 41 + 6 = -3*o. What is the units digit of v?
4
Let z(y) = 0 - y + 3*y + 4. Let q be z(3). Suppose -4*i - q = -38. What is the units digit of i?
7
Suppose 16 - 64 = -4*x. What is the tens digit of x?
1
Let f(d) = -d**2 - 6*d. Let k be f(-5). Let b(i) = i**3 - 4*i**2 - 2*i - 7. What is the units digit of b(k)?
8
Suppose -4*j = -4*x + 356 - 16, 2*x - 4*j - 168 = 0. What is the units digit of x?
6
What is the units digit of -2 + (-3 - -67) + 4?
6
Suppose -3*u + 2*g = u + 6, 5*u = 5*g - 15. Suppose 3*a + u*d + 4*d = 133, -d - 85 = -2*a. What is the tens digit of a?
4
What is the tens digit of (-24)/((-492)/756 + (-6)/(-14))?
0
Let r be (-3)/(6/4) + 4. Suppose 6*x - 12 = r*x. Let j(s) = 4*s - 3. What is the units digit of j(x)?
9
Let w(m) = 6*m - 2*m**2 + 4*m**2 - m**2 - 7. What is the units digit of w(-8)?
9
Let l = -17 + 28. Suppose 0 = -3*d + l - 2. Suppose 0 = u - 4*n - 12, 6 = 4*u - d*n - 42. What is the tens digit of u?
1
Suppose n = 2*n - 5. Suppose 51 = 5*i + n*f + 6, 15 = 3*f. Suppose -p + 3 = s - i, -p = 5*s - 19. What is the units digit of p?
4
Suppose 0*k - 57 = -3*k + 3*f, 3*k + 3*f = 81. Let h = k - 12. What is the tens digit of h?
1
Let v = -17 - -17. Suppose 5*k + v*k = 130. What is the tens digit of k?
2
Suppose -2*b + 0 + 8 = 0. Let t be 34/b - (-4)/(-8). Let d = t - 1. What is the units digit of d?
7
What is the units digit of -3 + 2 - (0 - 5)?
4
Let u(l) = l**3 + 5*l**2 - 6*l + 5. Let a be u(-6). Suppose a*z - 5*b = 75, 2*z + b - 45 = -2*b. What is the tens digit of z?
1
Let b(r) = r**3 + 6*r**2 + 5*r - 4. Let v be b(-5). What is the units digit of (-2 - v)*-1 + 5?
3
Suppose -2*r + 18 = -0*r - 4*v, -5*v = -3*r + 24. Let w = r - 2. Suppose -2*i - w + 9 = 0. What is the units digit of i?
4
Suppose 0*o = o - 1. Suppose -41 = -2*a - o. What is the tens digit of a?
2
Let j(a) = -4*a - 3. Let t = -17 - -12. What is the tens digit of j(t)?
1
Suppose 0 = 2*g + 2, 0 = 3*s + 2*g + g - 96. Suppose 4*d - 9 = -s. What is the units digit of (-4)/d + 14/6?
3
Suppose 5*h - s - 21 = 0, 3*h + 4*s - 10 = 21. Let x be h + -2 - (1 - 1). Let z = 0 + x. What is the units digit of z?
3
Let s = -1 + 6. Suppose s*y = -q + 9, 4*q - 14 + 1 = 3*y. What is the units digit of -10*-1*y/2?
5
Suppose 4 = -3*u - z - z, 0 = 5*u + z - 5. Suppose -u*b + 18 = b. What is the units digit of b?
6
Let j be 3*(8/(-12) - -2). Suppose -j*u + 131 = 5*d, 0*d - 5*u + 66 = 2*d. What is the units digit of d?
3
What is the tens digit of (-2)/4*15*-10?
7
Let o(p) = p**3 - 2*p**2 + 4*p - 14. What is the hundreds digit of o(6)?
1
Let g = 0 + 2. Suppose -5*p + 15 = 65. Let r = g - p. What is the units digit of r?
2
Let d be (-6)/5*(-5)/2. What is the units digit of 2*d/(-6)*-9?
9
What is the units digit of (-48)/(9/(-3)) - -2?
8
Suppose -7*r + 114 = -40. What is the tens digit of r?
2
Let q(z) = 6*z**2 + 8*z - 22. What is the hundreds digit of q(4)?
1
Let r be ((-30)/25)/((-6)/80). Let b = r - 11. What is the units digit of b?
5
Suppose 0 = u - 2*j, 3*j - 2 - 1 = 0. What is the tens digit of 136/12 - u/(-3)?
1
Suppose 38 = 5*a + 3*u - 103, u + 133 = 5*a. What is the units digit of a?
7
Let u = -4 + 7. Let v be (0 + -12)*2/u. What is the tens digit of ((-22)/(-8))/((-2)/v)?
1
Let k = -70 + 121. What is the units digit of k?
1
Suppose -3*p + 0*c + 31 = 4*c, -2*p - 6 = -4*c. Suppose 2*d = -2*s + 36, -d - 7 = -p*s + 5. What is the tens digit of d?
1
Suppose -4*n = -3*n - 64. Let s = 106 - n. What is the tens digit of s?
4
Let m = 11 - 6. Let d be 2/(-4) - m/(-2). Suppose 3*v + 5*o - d*o = 6, 25 = 5*v + 2*o. What is the units digit of v?
7
Let j be -3*(-2)/(-3) - -3. What is the units digit of j*(-2)/(-3 + 1)?
1
Let t(m) = -m**2 - 8*m. What is the units digit of t(-6)?
2
Let p(k) = k**2 + 4*k + 4. What is the units digit of p(-3)?
1
Let n(v) = -v**3 + 5*v**2 + 7*v + 6. Suppose -4*u + w = 26 + 6, -43 = 5*u - 2*w. Let b = u - -13. What is the tens digit of n(b)?
1
Let p = 8 - 3. Suppose 0 = -4*o - p*g + 72, 26 = 4*o - 3*g - 78. What is the tens digit of o?
2
Let c = -1 - -4. Let f(d) = 2*d - 4. Let r be f(c). Suppose 0 = r*j - j - 5. What is the units digit of j?
5
Suppose -3*t + 5*t + 42 = -2*o, 0 = -5*t - o - 97. Let q = t - -35. What is the tens digit of q?
1
Suppose -o + 0*o + 3 = 0. Let r(k) = k**3 - 4*k + 2. What is the units digit of r(o)?
7
Let c(w) = 2*w**2 + 7*w - 13. Let q be c(-11). Suppose -2*n - 3*i + 50 = 2*i, 5*n - i - q = 0. What is the units